+ 4*c**2 + 5*c**3. What is the units digit of z(5)?
4
Let b(a) be the second derivative of -a**3/6 - 3*a**2/2 - 2*a. Let x be b(5). Let u(v) = v**2 + 8*v + 2. What is the units digit of u(x)?
2
Suppose 0 + 3 = t. Suppose t*g - 20 = -g. What is the units digit of g?
5
Let a(g) = 20*g - 4. What is the units digit of a(10)?
6
Suppose -3*g - 421 = -5*v, 3*v - g - 153 - 102 = 0. What is the units digit of v?
6
Let i = -4 - -8. Suppose 0 = -3*y - 5*n + 100 - 33, -i*n + 84 = 4*y. What is the units digit of y?
9
Let m(s) = s**2 - 15*s + 19. Let q be m(14). Suppose -x - 4 = -5*c, -q*x = 4*c - 40 + 2. What is the units digit of x?
6
Let f = 22 - 9. What is the tens digit of f?
1
Suppose 0 = 5*a + 4*m - 69, 0 = -5*m + m - 16. What is the tens digit of a?
1
Let r(u) = u**2 + 5*u - 1. What is the tens digit of r(-7)?
1
What is the tens digit of -706*(0 - 6/12)?
5
Let z(h) = 27*h + 16. What is the hundreds digit of z(4)?
1
Let h = -10 + 14. Suppose -y + h = y. Suppose -4*f - y = 3*g - 9*f, 0 = -4*f + 16. What is the units digit of g?
6
Let i(w) = -w**2 - 11*w - 11. Suppose 0 = 3*n + 2*n + 45. Let o be i(n). Suppose -3*k + 11 = 5*g, -5*g - o*k + 5 = -2*k. What is the units digit of g?
4
What is the tens digit of (-484)/(-7) + 23/(-161)?
6
Let l(a) = a**3 - 2*a**2 - 3*a - 4. Let i be l(3). What is the units digit of (-2)/i - 68/(-8)?
9
Let d be (-90)/11 - 16/(-88). Let l = d + 25. What is the units digit of l?
7
Let x(y) = 12*y - 9. What is the units digit of x(6)?
3
Suppose -2*q - 2*x + 8 = 0, -x = -0*q - q + 6. Let j(c) = -c**2 + 0*c**3 + 0*c**3 + c**3 + c + q. What is the units digit of j(0)?
5
Let v be -20*4*6/(-15). Suppose 0 = 3*q + v - 11. What is the units digit of q*(-1 - 0/(-2))?
7
Let f = -1 - -8. What is the units digit of f?
7
Let x be 4/10 + (-68)/(-5). What is the units digit of (4/(-14))/((-1)/x)?
4
Suppose 0*f + 3*f - 6 = 0. What is the units digit of f?
2
Suppose -6 = -2*u - 0. Let k be (-4)/12 - (-58)/u. Suppose 4*r + b - k = 0, -23 = 2*r - 4*r - 5*b. What is the units digit of r?
4
Suppose 0 = -23*k + 21*k + 48. What is the tens digit of k?
2
Suppose -1450 = 30*d - 35*d. What is the hundreds digit of d?
2
Let g(x) = 13*x**3 + 2*x + 0*x - 4 + 2*x**2 + 5. Let f be g(-1). Let w = 19 + f. What is the units digit of w?
7
Suppose 8*h - 4 = 6*h. Suppose 4 = -q + h*x, -5*q + 4*q + 3*x - 9 = 0. What is the units digit of q?
6
Suppose -4*c + 10 = 3*g, -3*c = 2*g - 0*c - 7. Let i(s) = -g*s + 8 - s + s**2 + 11*s. What is the units digit of i(-7)?
1
Let q = -6 - -6. Suppose q*c + 2*c = 20. Suppose -t = -4*s + 34, 2*s - c = -6*t + 3*t. What is the units digit of s?
8
What is the units digit of (-6384)/(-60) + 1 + (-14)/10?
6
Let s = 2 - 2. Suppose k + s = 2. Suppose 3*h + 9 = 2*w + 50, 4*h = -k*w + 36. What is the units digit of h?
1
Suppose m = -2*m. Let f = m + 9. What is the units digit of f?
9
Suppose -3*u = -191 - 253. What is the units digit of u?
8
Suppose 5*g - 5*n = 765, 5*g = -2*n - 2*n + 720. What is the hundreds digit of g?
1
Let w = 88 - 60. What is the tens digit of w?
2
Let f be ((-21)/(-5))/(1/5). Suppose 2*r - f - 7 = -2*i, -4*i + 58 = 5*r. What is the units digit of i?
2
Let h(p) = 2*p**2 + 6*p + 6. What is the units digit of h(-3)?
6
Let n(q) be the second derivative of 0 - 1/6*q**4 + q - 1/20*q**5 + 2/3*q**3 - 1/2*q**2. What is the tens digit of n(-4)?
1
Let f(l) = 18*l**3 + 3*l**2 - 5. What is the units digit of f(2)?
1
Suppose 9*n - 4*n + 105 = 0. Let s = n - -47. What is the tens digit of s?
2
Let i be (-1)/(3/15*-1). Suppose -i*o + 7 = -18. Suppose -r + o = -3. What is the units digit of r?
8
Suppose 2*b + 3*a + 12 = b, b = 3*a + 12. Suppose 40 = -b*d + 5*d. Let s = d - 1. What is the units digit of s?
7
Suppose -5*i - 5*p - 45 = 0, -2*i + 3*i = 2*p. What is the units digit of 2 - (i + 0) - 1?
7
Suppose -6*c - 16*c + 2574 = 0. What is the tens digit of c?
1
Suppose -2*g + 0*g = -2. What is the units digit of g?
1
Let s(m) be the first derivative of m**4/4 - 13*m**3/3 - 15*m**2/2 + 15*m + 1. What is the units digit of s(14)?
1
Suppose 3 = -3*a - 6. What is the units digit of -1 + 2/a*-3?
1
Suppose 0 = 5*j - 101 - 74. What is the units digit of j?
5
Suppose u = -0 + 2. What is the units digit of (-21)/u*(-18)/27?
7
Let l be 1 + -3*(-3)/9. Suppose -m + l*m + 6 = 0. Let q = -5 - m. What is the units digit of q?
1
What is the units digit of (-1)/(4/(4*-7))?
7
Suppose -3*r - 3*k + 930 = 0, -5*k + 314 = 22*r - 21*r. What is the tens digit of r?
0
Let l = 8 + -6. Suppose 0 = a - l*a + 3. What is the units digit of a?
3
Let z = -109 + 153. What is the tens digit of z?
4
Suppose 0 = -5*t - 46 + 151. Let q = t + -12. Let k = q - 4. What is the units digit of k?
5
Suppose -3*w = 1 + 8. Let o = 2 - w. What is the units digit of o?
5
Suppose -2*i = 2*m + 2*i + 4, 3*i + 3 = 0. Suppose 5 + m = -k. Let f = -3 - k. What is the units digit of f?
2
Suppose -3*s + 175 = 2*s. What is the tens digit of s?
3
Suppose 3*r = 5*p + 74, 5*r + 25 = 3*p + 127. What is the tens digit of r?
1
Suppose 3*x = -n + 72, -4*x + 0*n = -4*n - 96. What is the tens digit of (-25)/(-2)*x/15?
2
Suppose -2 - 4 = 2*s. Let v = s - -7. What is the tens digit of ((-2)/v)/(3/(-108))?
1
Let l(c) = c**3 + 6*c**2 + 4*c - 2. Let f be l(-5). Let v(q) = -3*q + 3 - q**f - 5*q + 8*q**2 + 5. What is the units digit of v(7)?
1
Let c be 4/5*390/12. Suppose 5 = -t - 4*y, -5*t + 5*y + c = 1. What is the units digit of t?
3
Suppose -3*h + 39 = 4*n, -5*n - 2*h + 72 = -6*h. Let d be 3/n + (-53)/4. Let r = d - -18. What is the units digit of r?
5
Suppose 5*j - 2 = -2*n - 1, 2*j = 2*n - 8. Suppose h = n*h - 44. What is the tens digit of h?
2
Suppose -5*s + 24 = v - s, -2*v + 30 = -s. Let l = 46 - v. What is the units digit of l?
0
Let d(m) = -m**3 + 3*m + 2. Let i be d(-2). Suppose -p + 21 + 10 = -5*q, -24 = -i*p - 5*q. What is the tens digit of p?
1
Let w(v) = 29*v - 15. Let n(y) = -10*y + 5. Let o(b) = 11*n(b) + 4*w(b). What is the tens digit of o(5)?
2
Let q = -5 - -10. Suppose 0*o = a + 2*o - 3, -q*o = -5. Suppose -9 + a = -y. What is the units digit of y?
8
Suppose 2*i = i + 3. Let p = i - 1. What is the units digit of p + (2/(-1))/(-2)?
3
Suppose t + 4*t + 32 = 3*h, -t + 16 = 5*h. Suppose 19 - h = 5*v. What is the units digit of v?
3
Let x(g) = -g**3 + 6*g**2 - 4*g - 3. What is the units digit of x(5)?
2
Let d(h) = -h**3 - 5*h**2 - 6*h - 3. Let o be d(-4). Let w be 13/2 + o/(-10). Suppose 7*z - w*z = 10. What is the tens digit of z?
1
Let a be 24/30*95/2. Suppose 2*w + 20 = -r + 55, 2*r - a = -2*w. What is the units digit of w?
6
What is the tens digit of ((-216)/(-20))/(6/15)?
2
Let d(k) = k**2 + k - 7. What is the units digit of d(8)?
5
Let p = 17 + 19. Let s = -3 + -18. Let m = p + s. What is the tens digit of m?
1
Suppose 0 = b + 2*n + n - 14, -5*n + 30 = 2*b. What is the tens digit of b?
2
Suppose -15 = -4*f + 1. Let s = -3 + f. Suppose -2*v - 3*n - 6 = 0, 6 = -5*v - 5*n + s. What is the units digit of v?
3
Let a(i) = -3*i**2 + i - 2. Let q(s) = 5*s**2 - 2*s + 3. Let j(o) = 8*a(o) + 5*q(o). Suppose 0 = -2*y + 2, -5*n + 0*n = 5*y. What is the units digit of j(n)?
2
Let h(f) = -f**2 + 4*f + 1. Let u be h(8). Let n = u - -44. What is the tens digit of n?
1
Let y(x) be the first derivative of -3*x**4/4 - 4*x**3/3 - x**2/2 + 2*x + 11. What is the units digit of y(-2)?
2
Let y(q) be the first derivative of q**3/3 - q**2 - 6*q + 1. What is the units digit of y(6)?
8
Let u be 1*29 - (-7 + 9). Suppose -7 + u = -2*y. What is the units digit of (-324)/(-20) - (-2)/y?
6
Let f(x) = x**3 + 2*x**2 - x + 4. Let g = 0 - 3. Let m be f(g). What is the units digit of (1/3)/(m/(-18))?
3
Let v(f) = -4*f + 1. Let u be v(-1). Let r(n) = 0*n**2 - 3*n**2 + 4*n**2 - u*n + 6. What is the units digit of r(4)?
2
Suppose 2*n - 20 = -3*n, 140 = 3*f - 4*n. What is the units digit of f?
2
Let a(k) = -6*k**2 + 5*k + 4. Let i(o) = o**2 - 1. Let t(s) = -a(s) - 4*i(s). What is the tens digit of t(4)?
1
Let r(h) = 4*h**2 + h. Let w be r(1). Let m = 12 + -10. Let c = w + m. What is the units digit of c?
7
Let s(l) = l**3 - 21*l**2 - 37*l - 16. What is the tens digit of s(23)?
9
Suppose -1926 = -4*o - 682. What is the hundreds digit of o?
3
Let m(p) = p - 12. Let b be m(12). Suppose 5*j + 2*f + 2*f - 152 = b, 2*f = 6. Wha